{"id":94,"date":"2023-08-10T08:31:56","date_gmt":"2023-08-10T08:31:56","guid":{"rendered":"https:\/\/www.cotefleurs.ch\/?post_type=product&#038;p=94"},"modified":"2023-10-18T09:24:29","modified_gmt":"2023-10-18T09:24:29","slug":"raquette-coloree","status":"publish","type":"product","link":"https:\/\/www.cotefleurs.ch\/fr\/acheter-en-ligne\/dernier-hommage\/gerbes\/jaune-orange\/","title":{"rendered":"Raquette jaune orang\u00e9"},"content":{"rendered":"","protected":false},"excerpt":{"rendered":"","protected":false},"featured_media":2261,"comment_status":"open","ping_status":"closed","template":"","meta":{"_acf_changed":false},"product_cat":[35,41],"product_tag":[],"class_list":{"0":"post-94","1":"product","2":"type-product","3":"status-publish","4":"has-post-thumbnail","6":"product_cat-dernier-hommage","7":"product_cat-raquette","9":"first","10":"instock","11":"taxable","12":"shipping-taxable","13":"purchasable","14":"product-type-simple"},"acf":[],"yoast_head":"<!-- This site is optimized with the Yoast SEO plugin v23.0 - https:\/\/yoast.com\/wordpress\/plugins\/seo\/ -->\n<title>Gerbe de fleurs Jaune Orang\u00e9 pour enterrement \u00e0 Gen\u00e8ve<\/title>\n<meta name=\"description\" content=\"Offrez un hommage ensoleill\u00e9 avec notre Raquette Jaune Orang\u00e9. Livraison de fleurs \u00e0 Gen\u00e8ve, avec tout notre respect.\" \/>\n<meta name=\"robots\" content=\"index, follow, max-snippet:-1, max-image-preview:large, max-video-preview:-1\" \/>\n<link rel=\"canonical\" href=\"https:\/\/www.cotefleurs.ch\/fr\/acheter-en-ligne\/dernier-hommage\/gerbes\/jaune-orange\/\" \/>\n<meta property=\"og:locale\" content=\"fr_FR\" \/>\n<meta property=\"og:type\" content=\"article\" \/>\n<meta property=\"og:title\" content=\"Gerbe de fleurs Jaune Orang\u00e9 pour enterrement \u00e0 Gen\u00e8ve\" \/>\n<meta property=\"og:description\" content=\"Offrez un hommage ensoleill\u00e9 avec notre Raquette Jaune Orang\u00e9. Livraison de fleurs \u00e0 Gen\u00e8ve, avec tout notre respect.\" \/>\n<meta property=\"og:url\" content=\"https:\/\/www.cotefleurs.ch\/fr\/acheter-en-ligne\/dernier-hommage\/gerbes\/jaune-orange\/\" \/>\n<meta property=\"og:site_name\" content=\"C\u00f4t\u00e9 fleurs\" \/>\n<meta property=\"article:modified_time\" content=\"2023-10-18T09:24:29+00:00\" \/>\n<meta property=\"og:image\" content=\"https:\/\/www.cotefleurs.ch\/wp-content\/uploads\/2023\/08\/69-Dessus-cercueil-champatre-jaune-orange-blanc-1000-CHF-scaled.jpg\" \/>\n\t<meta property=\"og:image:width\" content=\"2560\" \/>\n\t<meta property=\"og:image:height\" content=\"1920\" \/>\n\t<meta property=\"og:image:type\" content=\"image\/jpeg\" \/>\n<meta name=\"twitter:card\" content=\"summary_large_image\" \/>\n<script type=\"application\/ld+json\" class=\"yoast-schema-graph\">{\"@context\":\"https:\/\/schema.org\",\"@graph\":[{\"@type\":\"WebPage\",\"@id\":\"https:\/\/www.cotefleurs.ch\/fr\/acheter-en-ligne\/dernier-hommage\/gerbes\/jaune-orange\/\",\"url\":\"https:\/\/www.cotefleurs.ch\/fr\/acheter-en-ligne\/dernier-hommage\/gerbes\/jaune-orange\/\",\"name\":\"Gerbe de fleurs Jaune Orang\u00e9 pour enterrement \u00e0 Gen\u00e8ve\",\"isPartOf\":{\"@id\":\"https:\/\/www.cotefleurs.ch\/fr\/#website\"},\"primaryImageOfPage\":{\"@id\":\"https:\/\/www.cotefleurs.ch\/fr\/acheter-en-ligne\/dernier-hommage\/gerbes\/jaune-orange\/#primaryimage\"},\"image\":{\"@id\":\"https:\/\/www.cotefleurs.ch\/fr\/acheter-en-ligne\/dernier-hommage\/gerbes\/jaune-orange\/#primaryimage\"},\"thumbnailUrl\":\"https:\/\/www.cotefleurs.ch\/wp-content\/uploads\/2023\/08\/69-Dessus-cercueil-champatre-jaune-orange-blanc-1000-CHF-scaled.jpg\",\"datePublished\":\"2023-08-10T08:31:56+00:00\",\"dateModified\":\"2023-10-18T09:24:29+00:00\",\"description\":\"Offrez un hommage ensoleill\u00e9 avec notre Raquette Jaune Orang\u00e9. Livraison de fleurs \u00e0 Gen\u00e8ve, avec tout notre respect.\",\"breadcrumb\":{\"@id\":\"https:\/\/www.cotefleurs.ch\/fr\/acheter-en-ligne\/dernier-hommage\/gerbes\/jaune-orange\/#breadcrumb\"},\"inLanguage\":\"fr-FR\",\"potentialAction\":[{\"@type\":\"ReadAction\",\"target\":[\"https:\/\/www.cotefleurs.ch\/fr\/acheter-en-ligne\/dernier-hommage\/gerbes\/jaune-orange\/\"]}]},{\"@type\":\"ImageObject\",\"inLanguage\":\"fr-FR\",\"@id\":\"https:\/\/www.cotefleurs.ch\/fr\/acheter-en-ligne\/dernier-hommage\/gerbes\/jaune-orange\/#primaryimage\",\"url\":\"https:\/\/www.cotefleurs.ch\/wp-content\/uploads\/2023\/08\/69-Dessus-cercueil-champatre-jaune-orange-blanc-1000-CHF-scaled.jpg\",\"contentUrl\":\"https:\/\/www.cotefleurs.ch\/wp-content\/uploads\/2023\/08\/69-Dessus-cercueil-champatre-jaune-orange-blanc-1000-CHF-scaled.jpg\",\"width\":2560,\"height\":1920,\"caption\":\"Dessus cercueil champ\u00eatre jaune orange blanc\"},{\"@type\":\"BreadcrumbList\",\"@id\":\"https:\/\/www.cotefleurs.ch\/fr\/acheter-en-ligne\/dernier-hommage\/gerbes\/jaune-orange\/#breadcrumb\",\"itemListElement\":[{\"@type\":\"ListItem\",\"position\":1,\"name\":\"Home\",\"item\":\"https:\/\/www.cotefleurs.ch\/en\/\"},{\"@type\":\"ListItem\",\"position\":2,\"name\":\"Produits\",\"item\":\"https:\/\/www.cotefleurs.ch\/fr\/shop\/\"},{\"@type\":\"ListItem\",\"position\":3,\"name\":\"Raquette jaune orang\u00e9\"}]},{\"@type\":\"WebSite\",\"@id\":\"https:\/\/www.cotefleurs.ch\/fr\/#website\",\"url\":\"https:\/\/www.cotefleurs.ch\/fr\/\",\"name\":\"C\u00f4t\u00e9 fleurs\",\"description\":\"Fleuriste \u00e0 Gen\u00e8ve\",\"publisher\":{\"@id\":\"https:\/\/www.cotefleurs.ch\/fr\/#organization\"},\"potentialAction\":[{\"@type\":\"SearchAction\",\"target\":{\"@type\":\"EntryPoint\",\"urlTemplate\":\"https:\/\/www.cotefleurs.ch\/fr\/?s={search_term_string}\"},\"query-input\":\"required name=search_term_string\"}],\"inLanguage\":\"fr-FR\"},{\"@type\":\"Organization\",\"@id\":\"https:\/\/www.cotefleurs.ch\/fr\/#organization\",\"name\":\"C\u00f4t\u00e9 fleurs\",\"url\":\"https:\/\/www.cotefleurs.ch\/fr\/\",\"logo\":{\"@type\":\"ImageObject\",\"inLanguage\":\"fr-FR\",\"@id\":\"https:\/\/www.cotefleurs.ch\/fr\/#\/schema\/logo\/image\/\",\"url\":\"https:\/\/www.cotefleurs.ch\/wp-content\/uploads\/2023\/08\/logo-cote-fleurs-fleuriste-geneve-livraison-fleurs.webp\",\"contentUrl\":\"https:\/\/www.cotefleurs.ch\/wp-content\/uploads\/2023\/08\/logo-cote-fleurs-fleuriste-geneve-livraison-fleurs.webp\",\"width\":400,\"height\":400,\"caption\":\"C\u00f4t\u00e9 fleurs\"},\"image\":{\"@id\":\"https:\/\/www.cotefleurs.ch\/fr\/#\/schema\/logo\/image\/\"}}]}<\/script>\n<!-- \/ Yoast SEO plugin. -->","yoast_head_json":{"title":"Gerbe de fleurs Jaune Orang\u00e9 pour enterrement \u00e0 Gen\u00e8ve","description":"Offrez un hommage ensoleill\u00e9 avec notre Raquette Jaune Orang\u00e9. Livraison de fleurs \u00e0 Gen\u00e8ve, avec tout notre respect.","robots":{"index":"index","follow":"follow","max-snippet":"max-snippet:-1","max-image-preview":"max-image-preview:large","max-video-preview":"max-video-preview:-1"},"canonical":"https:\/\/www.cotefleurs.ch\/fr\/acheter-en-ligne\/dernier-hommage\/gerbes\/jaune-orange\/","og_locale":"fr_FR","og_type":"article","og_title":"Gerbe de fleurs Jaune Orang\u00e9 pour enterrement \u00e0 Gen\u00e8ve","og_description":"Offrez un hommage ensoleill\u00e9 avec notre Raquette Jaune Orang\u00e9. Livraison de fleurs \u00e0 Gen\u00e8ve, avec tout notre respect.","og_url":"https:\/\/www.cotefleurs.ch\/fr\/acheter-en-ligne\/dernier-hommage\/gerbes\/jaune-orange\/","og_site_name":"C\u00f4t\u00e9 fleurs","article_modified_time":"2023-10-18T09:24:29+00:00","og_image":[{"width":2560,"height":1920,"url":"https:\/\/www.cotefleurs.ch\/wp-content\/uploads\/2023\/08\/69-Dessus-cercueil-champatre-jaune-orange-blanc-1000-CHF-scaled.jpg","type":"image\/jpeg"}],"twitter_card":"summary_large_image","schema":{"@context":"https:\/\/schema.org","@graph":[{"@type":"WebPage","@id":"https:\/\/www.cotefleurs.ch\/fr\/acheter-en-ligne\/dernier-hommage\/gerbes\/jaune-orange\/","url":"https:\/\/www.cotefleurs.ch\/fr\/acheter-en-ligne\/dernier-hommage\/gerbes\/jaune-orange\/","name":"Gerbe de fleurs Jaune Orang\u00e9 pour enterrement \u00e0 Gen\u00e8ve","isPartOf":{"@id":"https:\/\/www.cotefleurs.ch\/fr\/#website"},"primaryImageOfPage":{"@id":"https:\/\/www.cotefleurs.ch\/fr\/acheter-en-ligne\/dernier-hommage\/gerbes\/jaune-orange\/#primaryimage"},"image":{"@id":"https:\/\/www.cotefleurs.ch\/fr\/acheter-en-ligne\/dernier-hommage\/gerbes\/jaune-orange\/#primaryimage"},"thumbnailUrl":"https:\/\/www.cotefleurs.ch\/wp-content\/uploads\/2023\/08\/69-Dessus-cercueil-champatre-jaune-orange-blanc-1000-CHF-scaled.jpg","datePublished":"2023-08-10T08:31:56+00:00","dateModified":"2023-10-18T09:24:29+00:00","description":"Offrez un hommage ensoleill\u00e9 avec notre Raquette Jaune Orang\u00e9. Livraison de fleurs \u00e0 Gen\u00e8ve, avec tout notre respect.","breadcrumb":{"@id":"https:\/\/www.cotefleurs.ch\/fr\/acheter-en-ligne\/dernier-hommage\/gerbes\/jaune-orange\/#breadcrumb"},"inLanguage":"fr-FR","potentialAction":[{"@type":"ReadAction","target":["https:\/\/www.cotefleurs.ch\/fr\/acheter-en-ligne\/dernier-hommage\/gerbes\/jaune-orange\/"]}]},{"@type":"ImageObject","inLanguage":"fr-FR","@id":"https:\/\/www.cotefleurs.ch\/fr\/acheter-en-ligne\/dernier-hommage\/gerbes\/jaune-orange\/#primaryimage","url":"https:\/\/www.cotefleurs.ch\/wp-content\/uploads\/2023\/08\/69-Dessus-cercueil-champatre-jaune-orange-blanc-1000-CHF-scaled.jpg","contentUrl":"https:\/\/www.cotefleurs.ch\/wp-content\/uploads\/2023\/08\/69-Dessus-cercueil-champatre-jaune-orange-blanc-1000-CHF-scaled.jpg","width":2560,"height":1920,"caption":"Dessus cercueil champ\u00eatre jaune orange blanc"},{"@type":"BreadcrumbList","@id":"https:\/\/www.cotefleurs.ch\/fr\/acheter-en-ligne\/dernier-hommage\/gerbes\/jaune-orange\/#breadcrumb","itemListElement":[{"@type":"ListItem","position":1,"name":"Home","item":"https:\/\/www.cotefleurs.ch\/en\/"},{"@type":"ListItem","position":2,"name":"Produits","item":"https:\/\/www.cotefleurs.ch\/fr\/shop\/"},{"@type":"ListItem","position":3,"name":"Raquette jaune orang\u00e9"}]},{"@type":"WebSite","@id":"https:\/\/www.cotefleurs.ch\/fr\/#website","url":"https:\/\/www.cotefleurs.ch\/fr\/","name":"C\u00f4t\u00e9 fleurs","description":"Fleuriste \u00e0 Gen\u00e8ve","publisher":{"@id":"https:\/\/www.cotefleurs.ch\/fr\/#organization"},"potentialAction":[{"@type":"SearchAction","target":{"@type":"EntryPoint","urlTemplate":"https:\/\/www.cotefleurs.ch\/fr\/?s={search_term_string}"},"query-input":"required name=search_term_string"}],"inLanguage":"fr-FR"},{"@type":"Organization","@id":"https:\/\/www.cotefleurs.ch\/fr\/#organization","name":"C\u00f4t\u00e9 fleurs","url":"https:\/\/www.cotefleurs.ch\/fr\/","logo":{"@type":"ImageObject","inLanguage":"fr-FR","@id":"https:\/\/www.cotefleurs.ch\/fr\/#\/schema\/logo\/image\/","url":"https:\/\/www.cotefleurs.ch\/wp-content\/uploads\/2023\/08\/logo-cote-fleurs-fleuriste-geneve-livraison-fleurs.webp","contentUrl":"https:\/\/www.cotefleurs.ch\/wp-content\/uploads\/2023\/08\/logo-cote-fleurs-fleuriste-geneve-livraison-fleurs.webp","width":400,"height":400,"caption":"C\u00f4t\u00e9 fleurs"},"image":{"@id":"https:\/\/www.cotefleurs.ch\/fr\/#\/schema\/logo\/image\/"}}]}},"_links":{"self":[{"href":"https:\/\/www.cotefleurs.ch\/fr\/wp-json\/wp\/v2\/product\/94","targetHints":{"allow":["GET"]}}],"collection":[{"href":"https:\/\/www.cotefleurs.ch\/fr\/wp-json\/wp\/v2\/product"}],"about":[{"href":"https:\/\/www.cotefleurs.ch\/fr\/wp-json\/wp\/v2\/types\/product"}],"replies":[{"embeddable":true,"href":"https:\/\/www.cotefleurs.ch\/fr\/wp-json\/wp\/v2\/comments?post=94"}],"version-history":[{"count":7,"href":"https:\/\/www.cotefleurs.ch\/fr\/wp-json\/wp\/v2\/product\/94\/revisions"}],"predecessor-version":[{"id":2917,"href":"https:\/\/www.cotefleurs.ch\/fr\/wp-json\/wp\/v2\/product\/94\/revisions\/2917"}],"wp:featuredmedia":[{"embeddable":true,"href":"https:\/\/www.cotefleurs.ch\/fr\/wp-json\/wp\/v2\/media\/2261"}],"wp:attachment":[{"href":"https:\/\/www.cotefleurs.ch\/fr\/wp-json\/wp\/v2\/media?parent=94"}],"wp:term":[{"taxonomy":"product_cat","embeddable":true,"href":"https:\/\/www.cotefleurs.ch\/fr\/wp-json\/wp\/v2\/product_cat?post=94"},{"taxonomy":"product_tag","embeddable":true,"href":"https:\/\/www.cotefleurs.ch\/fr\/wp-json\/wp\/v2\/product_tag?post=94"}],"curies":[{"name":"wp","href":"https:\/\/api.w.org\/{rel}","templated":true}]}}

Raquette jaune orangé

<!-- This site is optimized with the Yoast SEO plugin v23.0 - https://yoast.com/wordpress/plugins/seo/ -->
<title>Gerbe de fleurs Jaune Orangé pour enterrement à Genève</title>
<meta name="description" content="Offrez un hommage ensoleillé avec notre Raquette Jaune Orangé. Livraison de fleurs à Genève, avec tout notre respect." />
<meta name="robots" content="index, follow, max-snippet:-1, max-image-preview:large, max-video-preview:-1" />
<link rel="canonical" href="https://www.cotefleurs.ch/fr/acheter-en-ligne/dernier-hommage/gerbes/jaune-orange/" />
<meta property="og:locale" content="fr_FR" />
<meta property="og:type" content="article" />
<meta property="og:title" content="Gerbe de fleurs Jaune Orangé pour enterrement à Genève" />
<meta property="og:description" content="Offrez un hommage ensoleillé avec notre Raquette Jaune Orangé. Livraison de fleurs à Genève, avec tout notre respect." />
<meta property="og:url" content="https://www.cotefleurs.ch/fr/acheter-en-ligne/dernier-hommage/gerbes/jaune-orange/" />
<meta property="og:site_name" content="Côté fleurs" />
<meta property="article:modified_time" content="2023-10-18T09:24:29+00:00" />
<meta property="og:image" content="https://www.cotefleurs.ch/wp-content/uploads/2023/08/69-Dessus-cercueil-champatre-jaune-orange-blanc-1000-CHF-scaled.jpg" />
	<meta property="og:image:width" content="2560" />
	<meta property="og:image:height" content="1920" />
	<meta property="og:image:type" content="image/jpeg" />
<meta name="twitter:card" content="summary_large_image" />
<script type="application/ld+json" class="yoast-schema-graph">{"@context":"https://schema.org","@graph":[{"@type":"WebPage","@id":"https://www.cotefleurs.ch/fr/acheter-en-ligne/dernier-hommage/gerbes/jaune-orange/","url":"https://www.cotefleurs.ch/fr/acheter-en-ligne/dernier-hommage/gerbes/jaune-orange/","name":"Gerbe de fleurs Jaune Orangé pour enterrement à Genève","isPartOf":{"@id":"https://www.cotefleurs.ch/fr/#website"},"primaryImageOfPage":{"@id":"https://www.cotefleurs.ch/fr/acheter-en-ligne/dernier-hommage/gerbes/jaune-orange/#primaryimage"},"image":{"@id":"https://www.cotefleurs.ch/fr/acheter-en-ligne/dernier-hommage/gerbes/jaune-orange/#primaryimage"},"thumbnailUrl":"https://www.cotefleurs.ch/wp-content/uploads/2023/08/69-Dessus-cercueil-champatre-jaune-orange-blanc-1000-CHF-scaled.jpg","datePublished":"2023-08-10T08:31:56+00:00","dateModified":"2023-10-18T09:24:29+00:00","description":"Offrez un hommage ensoleillé avec notre Raquette Jaune Orangé. Livraison de fleurs à Genève, avec tout notre respect.","breadcrumb":{"@id":"https://www.cotefleurs.ch/fr/acheter-en-ligne/dernier-hommage/gerbes/jaune-orange/#breadcrumb"},"inLanguage":"fr-FR","potentialAction":[{"@type":"ReadAction","target":["https://www.cotefleurs.ch/fr/acheter-en-ligne/dernier-hommage/gerbes/jaune-orange/"]}]},{"@type":"ImageObject","inLanguage":"fr-FR","@id":"https://www.cotefleurs.ch/fr/acheter-en-ligne/dernier-hommage/gerbes/jaune-orange/#primaryimage","url":"https://www.cotefleurs.ch/wp-content/uploads/2023/08/69-Dessus-cercueil-champatre-jaune-orange-blanc-1000-CHF-scaled.jpg","contentUrl":"https://www.cotefleurs.ch/wp-content/uploads/2023/08/69-Dessus-cercueil-champatre-jaune-orange-blanc-1000-CHF-scaled.jpg","width":2560,"height":1920,"caption":"Dessus cercueil champêtre jaune orange blanc"},{"@type":"BreadcrumbList","@id":"https://www.cotefleurs.ch/fr/acheter-en-ligne/dernier-hommage/gerbes/jaune-orange/#breadcrumb","itemListElement":[{"@type":"ListItem","position":1,"name":"Home","item":"https://www.cotefleurs.ch/en/"},{"@type":"ListItem","position":2,"name":"Produits","item":"https://www.cotefleurs.ch/fr/shop/"},{"@type":"ListItem","position":3,"name":"Raquette jaune orangé"}]},{"@type":"WebSite","@id":"https://www.cotefleurs.ch/fr/#website","url":"https://www.cotefleurs.ch/fr/","name":"Côté fleurs","description":"Fleuriste à Genève","publisher":{"@id":"https://www.cotefleurs.ch/fr/#organization"},"potentialAction":[{"@type":"SearchAction","target":{"@type":"EntryPoint","urlTemplate":"https://www.cotefleurs.ch/fr/?s={search_term_string}"},"query-input":"required name=search_term_string"}],"inLanguage":"fr-FR"},{"@type":"Organization","@id":"https://www.cotefleurs.ch/fr/#organization","name":"Côté fleurs","url":"https://www.cotefleurs.ch/fr/","logo":{"@type":"ImageObject","inLanguage":"fr-FR","@id":"https://www.cotefleurs.ch/fr/#/schema/logo/image/","url":"https://www.cotefleurs.ch/wp-content/uploads/2023/08/logo-cote-fleurs-fleuriste-geneve-livraison-fleurs.webp","contentUrl":"https://www.cotefleurs.ch/wp-content/uploads/2023/08/logo-cote-fleurs-fleuriste-geneve-livraison-fleurs.webp","width":400,"height":400,"caption":"Côté fleurs"},"image":{"@id":"https://www.cotefleurs.ch/fr/#/schema/logo/image/"}}]}</script>
<!-- / Yoast SEO plugin. -->

Gerbe de fleurs Jaune Orangé pour enterrement à Genève

Offrez un hommage ensoleillé avec notre Raquette Jaune Orangé. Livraison de fleurs à Genève, avec tout notre respect.

Côté fleurs

Dessus cercueil champêtre jaune orange blanc

Fleuriste à Genève
