{"id":2006,"date":"2023-09-25T11:50:22","date_gmt":"2023-09-25T11:50:22","guid":{"rendered":"https:\/\/www.cotefleurs.ch\/?post_type=product&#038;p=2006"},"modified":"2023-09-25T11:50:22","modified_gmt":"2023-09-25T11:50:22","slug":"gateau-anniversaire-en-fleurs","status":"publish","type":"product","link":"https:\/\/www.cotefleurs.ch\/fr\/acheter-en-ligne\/gateau-anniversaire-en-fleurs\/","title":{"rendered":"G\u00e2teau anniversaire en fleurs"},"content":{"rendered":"","protected":false},"excerpt":{"rendered":"","protected":false},"featured_media":2007,"comment_status":"open","ping_status":"closed","template":"","meta":{"_acf_changed":false},"product_cat":[71],"product_tag":[],"class_list":{"0":"post-2006","1":"product","2":"type-product","3":"status-publish","4":"has-post-thumbnail","6":"product_cat-produit-boutique","8":"first","9":"instock","10":"taxable","11":"shipping-taxable","12":"purchasable","13":"product-type-simple"},"acf":[],"yoast_head":"<!-- This site is optimized with the Yoast SEO plugin v23.0 - https:\/\/yoast.com\/wordpress\/plugins\/seo\/ -->\n<title>G\u00e2teau anniversaire en fleurs - C\u00f4t\u00e9 fleurs<\/title>\n<meta name=\"robots\" content=\"index, follow, max-snippet:-1, max-image-preview:large, max-video-preview:-1\" \/>\n<link rel=\"canonical\" href=\"https:\/\/www.cotefleurs.ch\/fr\/acheter-en-ligne\/gateau-anniversaire-en-fleurs\/\" \/>\n<meta property=\"og:locale\" content=\"fr_FR\" \/>\n<meta property=\"og:type\" content=\"article\" \/>\n<meta property=\"og:title\" content=\"G\u00e2teau anniversaire en fleurs - C\u00f4t\u00e9 fleurs\" \/>\n<meta property=\"og:url\" content=\"https:\/\/www.cotefleurs.ch\/fr\/acheter-en-ligne\/gateau-anniversaire-en-fleurs\/\" \/>\n<meta property=\"og:site_name\" content=\"C\u00f4t\u00e9 fleurs\" \/>\n<meta property=\"og:image\" content=\"https:\/\/www.cotefleurs.ch\/wp-content\/uploads\/2023\/09\/gateau-anni.webp\" \/>\n\t<meta property=\"og:image:width\" content=\"1536\" \/>\n\t<meta property=\"og:image:height\" content=\"2048\" \/>\n\t<meta property=\"og:image:type\" content=\"image\/webp\" \/>\n<meta name=\"twitter:card\" content=\"summary_large_image\" \/>\n<script type=\"application\/ld+json\" class=\"yoast-schema-graph\">{\"@context\":\"https:\/\/schema.org\",\"@graph\":[{\"@type\":\"WebPage\",\"@id\":\"https:\/\/www.cotefleurs.ch\/fr\/acheter-en-ligne\/gateau-anniversaire-en-fleurs\/\",\"url\":\"https:\/\/www.cotefleurs.ch\/fr\/acheter-en-ligne\/gateau-anniversaire-en-fleurs\/\",\"name\":\"G\u00e2teau anniversaire en fleurs - C\u00f4t\u00e9 fleurs\",\"isPartOf\":{\"@id\":\"https:\/\/www.cotefleurs.ch\/fr\/#website\"},\"primaryImageOfPage\":{\"@id\":\"https:\/\/www.cotefleurs.ch\/fr\/acheter-en-ligne\/gateau-anniversaire-en-fleurs\/#primaryimage\"},\"image\":{\"@id\":\"https:\/\/www.cotefleurs.ch\/fr\/acheter-en-ligne\/gateau-anniversaire-en-fleurs\/#primaryimage\"},\"thumbnailUrl\":\"https:\/\/www.cotefleurs.ch\/wp-content\/uploads\/2023\/09\/gateau-anni.webp\",\"datePublished\":\"2023-09-25T11:50:22+00:00\",\"dateModified\":\"2023-09-25T11:50:22+00:00\",\"breadcrumb\":{\"@id\":\"https:\/\/www.cotefleurs.ch\/fr\/acheter-en-ligne\/gateau-anniversaire-en-fleurs\/#breadcrumb\"},\"inLanguage\":\"fr-FR\",\"potentialAction\":[{\"@type\":\"ReadAction\",\"target\":[\"https:\/\/www.cotefleurs.ch\/fr\/acheter-en-ligne\/gateau-anniversaire-en-fleurs\/\"]}]},{\"@type\":\"ImageObject\",\"inLanguage\":\"fr-FR\",\"@id\":\"https:\/\/www.cotefleurs.ch\/fr\/acheter-en-ligne\/gateau-anniversaire-en-fleurs\/#primaryimage\",\"url\":\"https:\/\/www.cotefleurs.ch\/wp-content\/uploads\/2023\/09\/gateau-anni.webp\",\"contentUrl\":\"https:\/\/www.cotefleurs.ch\/wp-content\/uploads\/2023\/09\/gateau-anni.webp\",\"width\":1536,\"height\":2048,\"caption\":\"gateau anniversaire en fleurs\"},{\"@type\":\"BreadcrumbList\",\"@id\":\"https:\/\/www.cotefleurs.ch\/fr\/acheter-en-ligne\/gateau-anniversaire-en-fleurs\/#breadcrumb\",\"itemListElement\":[{\"@type\":\"ListItem\",\"position\":1,\"name\":\"Home\",\"item\":\"https:\/\/www.cotefleurs.ch\/en\/\"},{\"@type\":\"ListItem\",\"position\":2,\"name\":\"Produits\",\"item\":\"https:\/\/www.cotefleurs.ch\/fr\/shop\/\"},{\"@type\":\"ListItem\",\"position\":3,\"name\":\"G\u00e2teau anniversaire en fleurs\"}]},{\"@type\":\"WebSite\",\"@id\":\"https:\/\/www.cotefleurs.ch\/fr\/#website\",\"url\":\"https:\/\/www.cotefleurs.ch\/fr\/\",\"name\":\"C\u00f4t\u00e9 fleurs\",\"description\":\"Fleuriste \u00e0 Gen\u00e8ve\",\"publisher\":{\"@id\":\"https:\/\/www.cotefleurs.ch\/fr\/#organization\"},\"potentialAction\":[{\"@type\":\"SearchAction\",\"target\":{\"@type\":\"EntryPoint\",\"urlTemplate\":\"https:\/\/www.cotefleurs.ch\/fr\/?s={search_term_string}\"},\"query-input\":\"required name=search_term_string\"}],\"inLanguage\":\"fr-FR\"},{\"@type\":\"Organization\",\"@id\":\"https:\/\/www.cotefleurs.ch\/fr\/#organization\",\"name\":\"C\u00f4t\u00e9 fleurs\",\"url\":\"https:\/\/www.cotefleurs.ch\/fr\/\",\"logo\":{\"@type\":\"ImageObject\",\"inLanguage\":\"fr-FR\",\"@id\":\"https:\/\/www.cotefleurs.ch\/fr\/#\/schema\/logo\/image\/\",\"url\":\"https:\/\/www.cotefleurs.ch\/wp-content\/uploads\/2023\/08\/logo-cote-fleurs-fleuriste-geneve-livraison-fleurs.webp\",\"contentUrl\":\"https:\/\/www.cotefleurs.ch\/wp-content\/uploads\/2023\/08\/logo-cote-fleurs-fleuriste-geneve-livraison-fleurs.webp\",\"width\":400,\"height\":400,\"caption\":\"C\u00f4t\u00e9 fleurs\"},\"image\":{\"@id\":\"https:\/\/www.cotefleurs.ch\/fr\/#\/schema\/logo\/image\/\"}}]}<\/script>\n<!-- \/ Yoast SEO plugin. -->","yoast_head_json":{"title":"G\u00e2teau anniversaire en fleurs - C\u00f4t\u00e9 fleurs","robots":{"index":"index","follow":"follow","max-snippet":"max-snippet:-1","max-image-preview":"max-image-preview:large","max-video-preview":"max-video-preview:-1"},"canonical":"https:\/\/www.cotefleurs.ch\/fr\/acheter-en-ligne\/gateau-anniversaire-en-fleurs\/","og_locale":"fr_FR","og_type":"article","og_title":"G\u00e2teau anniversaire en fleurs - C\u00f4t\u00e9 fleurs","og_url":"https:\/\/www.cotefleurs.ch\/fr\/acheter-en-ligne\/gateau-anniversaire-en-fleurs\/","og_site_name":"C\u00f4t\u00e9 fleurs","og_image":[{"width":1536,"height":2048,"url":"https:\/\/www.cotefleurs.ch\/wp-content\/uploads\/2023\/09\/gateau-anni.webp","type":"image\/webp"}],"twitter_card":"summary_large_image","schema":{"@context":"https:\/\/schema.org","@graph":[{"@type":"WebPage","@id":"https:\/\/www.cotefleurs.ch\/fr\/acheter-en-ligne\/gateau-anniversaire-en-fleurs\/","url":"https:\/\/www.cotefleurs.ch\/fr\/acheter-en-ligne\/gateau-anniversaire-en-fleurs\/","name":"G\u00e2teau anniversaire en fleurs - C\u00f4t\u00e9 fleurs","isPartOf":{"@id":"https:\/\/www.cotefleurs.ch\/fr\/#website"},"primaryImageOfPage":{"@id":"https:\/\/www.cotefleurs.ch\/fr\/acheter-en-ligne\/gateau-anniversaire-en-fleurs\/#primaryimage"},"image":{"@id":"https:\/\/www.cotefleurs.ch\/fr\/acheter-en-ligne\/gateau-anniversaire-en-fleurs\/#primaryimage"},"thumbnailUrl":"https:\/\/www.cotefleurs.ch\/wp-content\/uploads\/2023\/09\/gateau-anni.webp","datePublished":"2023-09-25T11:50:22+00:00","dateModified":"2023-09-25T11:50:22+00:00","breadcrumb":{"@id":"https:\/\/www.cotefleurs.ch\/fr\/acheter-en-ligne\/gateau-anniversaire-en-fleurs\/#breadcrumb"},"inLanguage":"fr-FR","potentialAction":[{"@type":"ReadAction","target":["https:\/\/www.cotefleurs.ch\/fr\/acheter-en-ligne\/gateau-anniversaire-en-fleurs\/"]}]},{"@type":"ImageObject","inLanguage":"fr-FR","@id":"https:\/\/www.cotefleurs.ch\/fr\/acheter-en-ligne\/gateau-anniversaire-en-fleurs\/#primaryimage","url":"https:\/\/www.cotefleurs.ch\/wp-content\/uploads\/2023\/09\/gateau-anni.webp","contentUrl":"https:\/\/www.cotefleurs.ch\/wp-content\/uploads\/2023\/09\/gateau-anni.webp","width":1536,"height":2048,"caption":"gateau anniversaire en fleurs"},{"@type":"BreadcrumbList","@id":"https:\/\/www.cotefleurs.ch\/fr\/acheter-en-ligne\/gateau-anniversaire-en-fleurs\/#breadcrumb","itemListElement":[{"@type":"ListItem","position":1,"name":"Home","item":"https:\/\/www.cotefleurs.ch\/en\/"},{"@type":"ListItem","position":2,"name":"Produits","item":"https:\/\/www.cotefleurs.ch\/fr\/shop\/"},{"@type":"ListItem","position":3,"name":"G\u00e2teau anniversaire en fleurs"}]},{"@type":"WebSite","@id":"https:\/\/www.cotefleurs.ch\/fr\/#website","url":"https:\/\/www.cotefleurs.ch\/fr\/","name":"C\u00f4t\u00e9 fleurs","description":"Fleuriste \u00e0 Gen\u00e8ve","publisher":{"@id":"https:\/\/www.cotefleurs.ch\/fr\/#organization"},"potentialAction":[{"@type":"SearchAction","target":{"@type":"EntryPoint","urlTemplate":"https:\/\/www.cotefleurs.ch\/fr\/?s={search_term_string}"},"query-input":"required name=search_term_string"}],"inLanguage":"fr-FR"},{"@type":"Organization","@id":"https:\/\/www.cotefleurs.ch\/fr\/#organization","name":"C\u00f4t\u00e9 fleurs","url":"https:\/\/www.cotefleurs.ch\/fr\/","logo":{"@type":"ImageObject","inLanguage":"fr-FR","@id":"https:\/\/www.cotefleurs.ch\/fr\/#\/schema\/logo\/image\/","url":"https:\/\/www.cotefleurs.ch\/wp-content\/uploads\/2023\/08\/logo-cote-fleurs-fleuriste-geneve-livraison-fleurs.webp","contentUrl":"https:\/\/www.cotefleurs.ch\/wp-content\/uploads\/2023\/08\/logo-cote-fleurs-fleuriste-geneve-livraison-fleurs.webp","width":400,"height":400,"caption":"C\u00f4t\u00e9 fleurs"},"image":{"@id":"https:\/\/www.cotefleurs.ch\/fr\/#\/schema\/logo\/image\/"}}]}},"_links":{"self":[{"href":"https:\/\/www.cotefleurs.ch\/fr\/wp-json\/wp\/v2\/product\/2006","targetHints":{"allow":["GET"]}}],"collection":[{"href":"https:\/\/www.cotefleurs.ch\/fr\/wp-json\/wp\/v2\/product"}],"about":[{"href":"https:\/\/www.cotefleurs.ch\/fr\/wp-json\/wp\/v2\/types\/product"}],"replies":[{"embeddable":true,"href":"https:\/\/www.cotefleurs.ch\/fr\/wp-json\/wp\/v2\/comments?post=2006"}],"version-history":[{"count":1,"href":"https:\/\/www.cotefleurs.ch\/fr\/wp-json\/wp\/v2\/product\/2006\/revisions"}],"predecessor-version":[{"id":2009,"href":"https:\/\/www.cotefleurs.ch\/fr\/wp-json\/wp\/v2\/product\/2006\/revisions\/2009"}],"wp:featuredmedia":[{"embeddable":true,"href":"https:\/\/www.cotefleurs.ch\/fr\/wp-json\/wp\/v2\/media\/2007"}],"wp:attachment":[{"href":"https:\/\/www.cotefleurs.ch\/fr\/wp-json\/wp\/v2\/media?parent=2006"}],"wp:term":[{"taxonomy":"product_cat","embeddable":true,"href":"https:\/\/www.cotefleurs.ch\/fr\/wp-json\/wp\/v2\/product_cat?post=2006"},{"taxonomy":"product_tag","embeddable":true,"href":"https:\/\/www.cotefleurs.ch\/fr\/wp-json\/wp\/v2\/product_tag?post=2006"}],"curies":[{"name":"wp","href":"https:\/\/api.w.org\/{rel}","templated":true}]}}

Gâteau anniversaire en fleurs

<!-- This site is optimized with the Yoast SEO plugin v23.0 - https://yoast.com/wordpress/plugins/seo/ -->
<title>Gâteau anniversaire en fleurs - Côté fleurs</title>
<meta name="robots" content="index, follow, max-snippet:-1, max-image-preview:large, max-video-preview:-1" />
<link rel="canonical" href="https://www.cotefleurs.ch/fr/acheter-en-ligne/gateau-anniversaire-en-fleurs/" />
<meta property="og:locale" content="fr_FR" />
<meta property="og:type" content="article" />
<meta property="og:title" content="Gâteau anniversaire en fleurs - Côté fleurs" />
<meta property="og:url" content="https://www.cotefleurs.ch/fr/acheter-en-ligne/gateau-anniversaire-en-fleurs/" />
<meta property="og:site_name" content="Côté fleurs" />
<meta property="og:image" content="https://www.cotefleurs.ch/wp-content/uploads/2023/09/gateau-anni.webp" />
	<meta property="og:image:width" content="1536" />
	<meta property="og:image:height" content="2048" />
	<meta property="og:image:type" content="image/webp" />
<meta name="twitter:card" content="summary_large_image" />
<script type="application/ld+json" class="yoast-schema-graph">{"@context":"https://schema.org","@graph":[{"@type":"WebPage","@id":"https://www.cotefleurs.ch/fr/acheter-en-ligne/gateau-anniversaire-en-fleurs/","url":"https://www.cotefleurs.ch/fr/acheter-en-ligne/gateau-anniversaire-en-fleurs/","name":"Gâteau anniversaire en fleurs - Côté fleurs","isPartOf":{"@id":"https://www.cotefleurs.ch/fr/#website"},"primaryImageOfPage":{"@id":"https://www.cotefleurs.ch/fr/acheter-en-ligne/gateau-anniversaire-en-fleurs/#primaryimage"},"image":{"@id":"https://www.cotefleurs.ch/fr/acheter-en-ligne/gateau-anniversaire-en-fleurs/#primaryimage"},"thumbnailUrl":"https://www.cotefleurs.ch/wp-content/uploads/2023/09/gateau-anni.webp","datePublished":"2023-09-25T11:50:22+00:00","dateModified":"2023-09-25T11:50:22+00:00","breadcrumb":{"@id":"https://www.cotefleurs.ch/fr/acheter-en-ligne/gateau-anniversaire-en-fleurs/#breadcrumb"},"inLanguage":"fr-FR","potentialAction":[{"@type":"ReadAction","target":["https://www.cotefleurs.ch/fr/acheter-en-ligne/gateau-anniversaire-en-fleurs/"]}]},{"@type":"ImageObject","inLanguage":"fr-FR","@id":"https://www.cotefleurs.ch/fr/acheter-en-ligne/gateau-anniversaire-en-fleurs/#primaryimage","url":"https://www.cotefleurs.ch/wp-content/uploads/2023/09/gateau-anni.webp","contentUrl":"https://www.cotefleurs.ch/wp-content/uploads/2023/09/gateau-anni.webp","width":1536,"height":2048,"caption":"gateau anniversaire en fleurs"},{"@type":"BreadcrumbList","@id":"https://www.cotefleurs.ch/fr/acheter-en-ligne/gateau-anniversaire-en-fleurs/#breadcrumb","itemListElement":[{"@type":"ListItem","position":1,"name":"Home","item":"https://www.cotefleurs.ch/en/"},{"@type":"ListItem","position":2,"name":"Produits","item":"https://www.cotefleurs.ch/fr/shop/"},{"@type":"ListItem","position":3,"name":"Gâteau anniversaire en fleurs"}]},{"@type":"WebSite","@id":"https://www.cotefleurs.ch/fr/#website","url":"https://www.cotefleurs.ch/fr/","name":"Côté fleurs","description":"Fleuriste à Genève","publisher":{"@id":"https://www.cotefleurs.ch/fr/#organization"},"potentialAction":[{"@type":"SearchAction","target":{"@type":"EntryPoint","urlTemplate":"https://www.cotefleurs.ch/fr/?s={search_term_string}"},"query-input":"required name=search_term_string"}],"inLanguage":"fr-FR"},{"@type":"Organization","@id":"https://www.cotefleurs.ch/fr/#organization","name":"Côté fleurs","url":"https://www.cotefleurs.ch/fr/","logo":{"@type":"ImageObject","inLanguage":"fr-FR","@id":"https://www.cotefleurs.ch/fr/#/schema/logo/image/","url":"https://www.cotefleurs.ch/wp-content/uploads/2023/08/logo-cote-fleurs-fleuriste-geneve-livraison-fleurs.webp","contentUrl":"https://www.cotefleurs.ch/wp-content/uploads/2023/08/logo-cote-fleurs-fleuriste-geneve-livraison-fleurs.webp","width":400,"height":400,"caption":"Côté fleurs"},"image":{"@id":"https://www.cotefleurs.ch/fr/#/schema/logo/image/"}}]}</script>
<!-- / Yoast SEO plugin. -->

Gâteau anniversaire en fleurs - Côté fleurs

Côté fleurs

Fleuriste à Genève
